
8
Let c(w) = -4*w - 1. Let f be c(1). Let n be ((-1)/2)/(f/(-50)). Let a(k) = k**2 + 3*k - 4. Calculate a(n).
6
Let v(s) be the first derivative of 3*s + 1/4*s**4 + 5/2*s**2 + 3 - 5/3*s**3. Give v(4).
7
Let r(k) = k - 1. Suppose -3*h = -5*z + 22, -2*z - 2*h - 8 = h. Suppose 20 = 5*b - 0*b. Suppose z*t = b - 2. Calculate r(t).
0
Let v(a) = a + 1. Suppose 7 + 33 = -5*l. Let g = l + 11. Suppose 0*q - g*q - 3 = 0. Determine v(q).
0
Suppose 2*h - 2*z - 15 = -z, 0 = 4*h + 3*z - 15. Let s(w) = -w**3 + 5*w**2 + 6*w - 2. Determine s(h).
-2
Let v(x) = 4*x - 1. Let o be (-2)/(-4)*-6 + 2. Give v(o).
-5
Let g be 15/9 - 2/(-6). Let j(v) = -4*v**2 + 4*v**2 + v - 4*v**2 + 1 + 3*v**g. What is j(2)?
-1
Let p be 10/4*12/10. Let f(c) = -4*c - 4. Give f(p).
-16
Suppose w + 14 = 5*k, 4*k + 3*w + 2 = -2. Suppose -4*u + k*u = 0. Suppose u = -2*o - 10 - 0. Let m(b) = 2*b + 6. Calculate m(o).
-4
Let k(l) = -5*l - 1. Let z(p) = -p. Let d(h) = -3*k(h) + 24*z(h). What is d(2)?
-15
Let o(d) = d**2 - 2*d - 2. Let w be o(0). Let t(f) = f**2 + 2*f. Determine t(w).
0
Let x(o) be the third derivative of -7*o**6/120 + o**4/24 - o**3/6 + 3*o**2. Give x(1).
-7
Let j(a) be the second derivative of -a**4/6 - a**3/6 - a**2/2 - 24*a. Give j(-2).
-7
Suppose 5*y - 16 = -f, -5*f = -4*y - 3*f + 10. Let l(q) be the second derivative of -q**5/20 + q**4/6 + q**3/2 + 2*q**2 + 18*q. Calculate l(y).
4
Let d(u) = -u - 1. Let x(c) = 8*c + 2. Let j(m) = 2*d(m) + x(m). Determine j(-1).
-6
Let y(p) be the second derivative of -p**5/10 + p**4/6 - p**2/2 - 3*p. Let n be (-3*2)/(-2) - 2. Determine y(n).
-1
Suppose -5*f + 2*f = 0. Let z(k) be the second derivative of -k**5/60 - k**4/24 - 3*k**2/2 - 2*k. Let u(b) be the first derivative of z(b). Determine u(f).
0
Let g(i) = i**3 + 6*i**2 + 7*i + 5. Suppose 0 = -5*j - 4*d + 4 - 8, -2*j + d = 12. Give g(j).
9
Let d(q) = 4*q - 6. Let m(l) = 2*l + 1. Let f be m(2). Calculate d(f).
14
Let a(u) = -u**3 - 6*u**2 - 5*u + 6. Let m(d) = -d**2 - 5*d - 6. Let j be m(-4). Let b = 11 - j. Suppose -4*k = b + 7. Determine a(k).
6
Let x(s) = 3*s**2 + 16. Let g(i) = 2*i**2 + 11. Let u(q) = 7*g(q) - 5*x(q). Calculate u(0).
-3
Let i(k) be the first derivative of -k**2/2 - 3*k + 10. What is i(-6)?
3
Suppose g = 6*g + 90. Let a = 13 + g. Let y(n) = n + 7. Determine y(a).
2
Let d(z) = -z**2 + 3*z + 1. Let c be d(4). Let f(j) = -1 - 6*j**2 - j + 4*j**2 + 3*j**2 - 3. Calculate f(c).
8
Let q(g) = -g**2 + 3*g - 1. Let u be q(4). Let a(p) be the third derivative of -p**6/120 - p**5/12 + p**4/12 + p**3 - 10*p**2. Give a(u).
-4
Suppose 6*y - o + 9 = 2*y, -o = -y - 3. Let d be (3 + -30 + y)*4. Let l be d/(-24) + 1/6. Let w(t) = t**2 - 7*t + 7. Determine w(l).
-3
Let h(v) be the first derivative of -2*v**2 - v + 2. Let d(z) = z**2 - 2*z**3 - 2*z**2 + 2*z**2 - z. Let j be d(1). What is h(j)?
7
Let r(k) be the second derivative of 0*k**3 - 5/12*k**4 - 1/20*k**5 - 3*k**2 - 5*k + 0. Give r(-5).
-6
Suppose -1 = l - 4. Let y(p) = p + 1. Let i(j) = 3*j + 3. Let k(r) = -3*i(r) + 8*y(r). Calculate k(l).
-4
Let u(d) = d**2 - d - 3. Suppose 0*y = -2*y + 6. Let a be u(y). Suppose 5 = a*j - 13. Let v(i) = -i**2 + 4*i + 7. Calculate v(j).
-5
Let w(c) = 2*c. Let v(k) = -3*k. Let n(s) = -3*v(s) - 5*w(s). What is n(-5)?
5
Let d be (2/4)/((-3)/24). Let z be 0 + d - -3 - -2. Let k(f) = f. Determine k(z).
1
Let r(w) = w**3 - 3*w**2 + 3*w. Let g(x) = -x**2 + 1. Let t(o) = 2*g(o) - r(o). Determine t(2).
-8
Let b = 50 + -29. Suppose -5*g - 4*j + 8 = 50, -2*g - 3*j = b. Let k be 3/g*1*0. Let o(n) = n**2 + n - 2. Give o(k).
-2
Suppose 5 = n + 2. Let v(a) = a**2 - 4*a - 1. What is v(n)?
-4
Let r(d) = -d**3 + 7*d**2 - 5*d - 8. Let f(a) = -a**2 + a + 6. Let v be f(0). Let p be r(v). Let n(i) = 2*i**2 + i + 2. Give n(p).
8
Let h = 0 + -4. Let l(k) = k**2 + 5*k. What is l(h)?
-4
Let a(m) be the third derivative of m**4/24 + m**3 - m**2. Let g = -131 - -131. What is a(g)?
6
Suppose 2*o + 5 = 3*v, -2*v - 5*o + 2 = 5. Let r = v + -17. Let t be r/(-6)*18/12. Let k(a) = a**3 - 5*a**2 + 3*a - 1. Give k(t).
-5
Suppose -3*t = t - 28. Let g(f) = 0 - t + 7*f - 1 + 0 - f**2. Determine g(6).
-2
Suppose 0 = -2*o + 2 + 6. Suppose d = -4*k, -5*k - 4*d - d = 0. Let u(n) = 4*n**2 + k*n + 5 + 0*n - n**3. Give u(o).
5
Let c = -58 + 63. Let m(l) be the second derivative of -l**5/20 + 5*l**4/12 + l**3/6 - 3*l**2/2 + l. Give m(c).
2
Suppose -v + 10 = -2*p + p, p + 12 = -v. Let s = p + 6. Let j(t) be the third derivative of t**5/60 + 5*t**4/24 + 2*t**3/3 - t**2. Calculate j(s).
4
Let z(c) = 5*c**2 + 2*c + 1. Let k(m) = -m**2 - m. Let b(w) = -6*k(w) - z(w). Let i be b(-3). Let t(f) = f**2 + 3*f + 2. Give t(i).
6
Let g(k) = 2*k**2 + 9*k - 6. Let y be -2 + 2*2 - -1. Let n(z) = -z**2 - 4*z + 3. Let i(s) = y*g(s) + 7*n(s). Let l = -7 - -7. What is i(l)?
3
Let c be (-1 - 3)*-1 + (-2 - 1). Let j(g) = -8*g**3 + g**2 + g - 1. Determine j(c).
-7
Let m(u) = -u - 3. Let f(z) = -z + 1. Let a(y) = 3*y. Let h(l) = -a(l) - 2*f(l). Let w(o) = -4*h(o) + 3*m(o). Give w(-1).
-2
Let w be 5/2 - (-1)/(-2). Let s(b) = -w + 4*b - 6*b - 3*b + 4*b. Calculate s(4).
-6
Let g be -2 + 2 + 5 + -3. Let f be 0/(-2 - -3 - g). Let a(t) = t**3 + t**2 + t + 2. What is a(f)?
2
Let l(a) = -8*a**2 + 3*a**2 - 7*a + 6 + 6*a**2. What is l(7)?
6
Suppose -4*p - 20 = -2*s, 4*s - 2*p = -1 + 23. Suppose 3*i = 5*a, -6*i + 2*i - s*a = 0. Let g(j) = -j + 3. Determine g(i).
3
Let k(x) = x**2 - x - 6. Suppose 4*j = 5*j. Let u be j/1*1/3. Calculate k(u).
-6
Let l = 11 + -6. Let k(a) = l - 4 + 3*a + 0. Let f(g) = -g**3 - g**2 - g + 3. Let q be f(0). Calculate k(q).
10
Let h = -31 + 19. Let r be (16/h)/((-6)/9). Let f(t) = -5*t + 2. Determine f(r).
-8
Let q(d) = -d**3 - 4*d**2 + 5*d + 6. Let s = -4 + -1. Give q(s).
6
Let u(b) = b**2 + 2*b - 3. Suppose 5*w - 38 = -53. Determine u(w).
0
Let v(b) = -b**3 - 2*b**2 - 4. Let x be 12/(-9)*18/(-12). Let o be 3*x/(-6)*3. Calculate v(o).
5
Let d(v) be the second derivative of v**4/12 - 5*v**3/6 + 2*v**2 + 5*v. Give d(3).
-2
Let i be 2 + -8 + (-5 - -6). Let a(c) = c**3 + 5*c**2 + 2*c + 5. Calculate a(i).
-5
Let m(l) = 2*l**2 + 7*l + 15. Let p(x) = -x**2 - 4*x - 7. Let f(h) = 2*m(h) + 5*p(h). Give f(-5).
0
Let j(d) = -d**3 + 2*d**2 - 1. Let u(y) = -y**3 + y**2 - 1. Let k be u(0). Let l be j(k). Let o(f) = -1 + 4*f**l - 6*f**2 + 0*f**2. What is o(1)?
-3
Let j(z) = -26 + 5*z + 26 + 2*z. Calculate j(-1).
-7
Let x(d) = -d**3 + 9*d**2 - 9*d. Let l = 3 - -5. Give x(l).
-8
Suppose 2*h + 3*h + l = 15, -3*l + 5 = -5*h. Let k(p) = p**3 + 2 + 0*p**3 - 4*p**h - 3 + 3*p. Let o(d) = 2*d - 16. Let v be o(9). Calculate k(v).
-3
Let k(b) be the second derivative of -3*b**4/4 - b**2/2 - 9*b. Give k(-1).
-10
Let v(f) be the second derivative of -f + 0*f**4 - 1/120*f**6 - 1/12*f**5 + 2/3*f**3 + 0 + 3/2*f**2. Let t(u) be the first derivative of v(u). Give t(-5).
4
Let f(k) be the second derivative of -3*k + 0 + 3/2*k**2 - 1/2*k**3. Calculate f(3).
-6
Suppose 1 = -2*v + 3*v. Let h(d) = -1 - 2 - 5*d + v - 4. What is h(-4)?
14
Let r(h) = -h + 2. Suppose 0 = j + 9 - 3. What is r(j)?
8
Let m(s) = 0*s + 0 - 5 + 4 - s. Calculate m(4).
-5
Let t(y) = y**2 + 5*y + 4. Let x(l) = l. Let w(c) = -t(c) - 2*x(c). Determine w(-4).
8
Let w(z) = 1 + 2 - z + 0. Calculate w(3).
0
Let v(c) = c**2 - 2*c. Suppose 0 = -a - 1 - 8. Let k = -8 - a. Calculate v(k).
-1
Let i(x) be the third derivative of -x**4/8 + x**3/6 - 26*x**2. Suppose -9 = -b - 5*z, b + 0*b + 4*z - 7 = 0. Give i(b).
4
Suppose 2*x - 19 = -3*s, -5*s + 9 + 21 = 3*x. Let d(v) = 3*v**3 + 0 - 3 + 2*v - 2*v**3 + v**2 - x*v**2. Let h(n) = 4*n. Let f be h(1). Determine d(f).
5
Let d(o) be the third derivative of o**6/360 - o**5/120 - 4*o**3/3 - o**2. Let q(p) be the first derivative of d(p). Determine q(3).
6
Let f(o) = o. Let d be f(3). Let q(h) be the second derivative of 0 + 3/2*h**2 - 1/6*h**d + 3*h. Calculate q(0).
3
Let n(w) be the second derivative of 0*w**2 + 1/20*w**5 + 5/12*w**4 + 1/3*w**3 - 5*w + 0. Determine n(-2).
8
Let p(q) = 4*q - 2. Let g(w) = -w. Let a be ((-1)/(-6 + 4))/((-2)/(-4)). Suppose 0 = -5*z + 10 - 0. Let c(t) = a*p(t) + z*g(t). What is c(2)?
2
Let p(d) = 4 + 5*d + 4*d + d**2 + 7. Calculate p(-8).
3
Let k(c) = c**3 - 4*c**2 - 7*c + 7. Suppose 0 = 5*u - 4*m + 2*m - 92, -4*m = -2*u + 40. Suppose 3*y + 3 = u. Dete